mon factor of w and 9.
9
Let l be 1/((-1)/(-5)*1). Suppose -r - l*c = -13, -4*c + 3*c = -2. Let d be (1/(-1))/(17/(-204)). What is the greatest common factor of d and r?
3
Suppose 260 = 22*r - 18*r. What is the greatest common factor of 13 and r?
13
Suppose 3*f + f = 8. Suppose w + 4*m = 2*w - 33, 45 = f*w - m. What is the highest common factor of 84 and w?
21
Let r(q) = 9*q**2 - q + 1. Let n be r(1). Let g(i) = -i**2 + 8*i + 12. Let v be g(n). Suppose -v*j + 83 = -43. What is the highest common divisor of 28 and j?
14
Let h = 30 - 19. What is the greatest common divisor of 121 and h?
11
Let l = 171 + -131. Calculate the highest common divisor of 56 and l.
8
Let j be -1 + (1 - -36*2). Let y = -4 - -6. Suppose y = 2*f, -n - 2*f = -4*n + 22. Calculate the highest common factor of n and j.
8
Let s = -3 + 6. Suppose 3*t + s*a - 102 = 0, -3*t + 6*t + a - 98 = 0. Calculate the greatest common divisor of 4 and t.
4
Suppose -4*t + 3*t = -45. Let v be (-4)/(-2) - (-1 + -6). What is the greatest common factor of v and t?
9
Let o = -152 + 284. Calculate the greatest common factor of o and 12.
12
Suppose 6*n = 2*n - 5*x - 351, 93 = -n + 4*x. Let c = -25 - n. Calculate the greatest common factor of 16 and c.
16
Let l = 5 + -4. Let f(r) = 3*r + 0*r + 10*r**2 - 2 - l + 5. Let c be f(-2). Calculate the highest common factor of c and 4.
4
Let g(u) be the first derivative of -21*u**2/2 + u + 1. Let y be g(-3). What is the greatest common divisor of 8 and y?
8
Let k(g) = 10*g - 12. Let b be k(6). Calculate the highest common divisor of 32 and b.
16
Suppose -6*i + 40 + 50 = 0. Let v(p) = -4*p**3 - p**2 + p + 2. Let y be v(-2). Let k be (2 + y)/((-4)/(-14)). Calculate the greatest common factor of i and k.
15
Let w(h) = -2*h + 0 + 0 - 1 + 65*h**2 + 2. Let z be w(1). Calculate the highest common factor of z and 8.
8
Let k(x) = -x**3 - 2*x**3 - 4*x + 2 + 4*x**3 + 4*x**2. Let z be k(-5). Let g be (-13)/(1/(z + 2)). What is the highest common factor of 104 and g?
13
Let h(t) = -2*t + 17. Let b be h(0). What is the highest common divisor of b and 85?
17
Let h be ((-7)/2)/((-3)/24). Calculate the highest common divisor of 70 and h.
14
Let h = 38 - 29. What is the greatest common divisor of h and 6?
3
Let t(j) = -2*j + 20 - 20 + 4*j. Let l be t(2). Let w(f) = f + 10. Let p be w(0). What is the greatest common factor of p and l?
2
Let m(n) = n**2 + 3*n - 2. Let r be m(2). Suppose 0 = u + 3*o - 8 - 44, -o = 2*u - 124. What is the highest common factor of r and u?
8
Let n be 8/(-20) + (-37)/(-5). Calculate the greatest common divisor of 14 and n.
7
Suppose w - 5*s - 28 = 0, -5*w + 25 = 2*s - 7. Suppose 4*c = 4*t + 16, -t + 4*t = -9. What is the greatest common factor of w and c?
1
Let b = 182 + -97. Calculate the highest common factor of b and 68.
17
Suppose 0 = p + 3*c - 6, 0 = p - c - 34 + 12. What is the highest common divisor of p and 36?
18
Suppose -12*n - 8 = -16*n. Suppose -n*q = -4*q + 162. Calculate the highest common factor of q and 9.
9
Let m = 64 + -29. Suppose -4*j + m = -3*u, -j + 11 = j + 5*u. What is the greatest common factor of 8 and j?
8
Suppose -66 - 87 = -3*b - 3*z, -5*z = -b + 81. Let w = 6 + -3. Let s be (7/w)/((-2)/(-6)). Calculate the greatest common divisor of s and b.
7
Suppose -15*m + 138 = 3. Let j be (-1 + 2)/(2/144). Calculate the highest common divisor of j and m.
9
Let h = 1 - -3. Suppose 28 = c - 5*g, -c - 7 - 1 = h*g. What is the highest common divisor of 2 and c?
2
Let t be (-7*4/10)/(21/(-1260)). What is the highest common divisor of 14 and t?
14
Suppose -5*t + 33 + 35 = 3*a, -12 = -3*t. Calculate the highest common divisor of a and 48.
16
Let m = 17 - 9. Suppose m = 4*d - 2*d. Calculate the greatest common factor of 6 and d.
2
Suppose -9 = -4*h - 3*f, 5 = h - f - f. Suppose -5*i = -y + 64, -4*i - i - 232 = -h*y. What is the greatest common divisor of y and 28?
28
Let c = -62 - -161. Let v = 8 + 1. Calculate the greatest common factor of v and c.
9
Let d = 201 + -36. Let y be 3/(-2)*(-16)/3. Let v(i) = 2*i - 1. Let r be v(y). Calculate the greatest common factor of d and r.
15
Suppose -3*h + 1 = 5*z, -2*z = -4*h + 3*h + 4. What is the highest common divisor of 6 and h?
2
Suppose r = -0*k - 5*k + 18, 2*r - 5*k + 9 = 0. Calculate the greatest common divisor of 9 and r.
3
Let t(w) = -w**2 + 16*w - 20. Let x be t(15). Suppose 8 = -y + 1. Let v = x - y. Calculate the greatest common factor of v and 6.
2
Suppose a = -w + 64, -5*w + 319 = 4*a - 0*a. Calculate the greatest common factor of 9 and w.
9
Suppose -78 = 2*y - 4*y. Let w be 0 + -11 - (-6)/3. Let k = 35 + w. What is the greatest common divisor of k and y?
13
Suppose -6*p + 83 + 13 = 0. Calculate the greatest common factor of 16 and p.
16
Suppose 4*o - s - 72 = -3*s, -o + 2*s + 23 = 0. What is the greatest common factor of o and 209?
19
Let p = -41 + 74. What is the highest common factor of 33 and p?
33
Suppose 5 = 2*r - 5. Suppose -5 - 5 = r*w. Let a(i) = -7*i - 2. Let q be a(w). What is the greatest common divisor of q and 108?
12
Let w = 77 + -49. What is the greatest common factor of 28 and w?
28
Let w = -14 + 120. Suppose 2*y + 4*q - 58 = 0, 3*y = 2*q - 35 + w. What is the highest common factor of y and 10?
5
Suppose 0 = -g + 2*g. Suppose 4*y = -g*y + 612. What is the greatest common divisor of 17 and y?
17
Let z(u) = u**2 - 12*u + 15. Suppose 5*y = 5*r + 65, 3*y + 2*y + r = 53. Let q be z(y). Calculate the greatest common factor of 4 and q.
4
Let s(q) = q**2 - 4*q - 3. Let a be s(-2). Suppose 2*d + 3*c = -c + 34, -2*d - c + 49 = 0. Let r = d - a. What is the greatest common divisor of r and 45?
9
Let o = -109 + 140. Calculate the highest common factor of 93 and o.
31
Let d = 1154 + -542. Suppose 5*v - d + 227 = 0. Calculate the highest common factor of 11 and v.
11
Let z = -6 - -10. Suppose g = -z*x + 2 - 9, -g + 1 = 0. Let n be 3*(x - -5) - -1. What is the greatest common divisor of n and 20?
10
Let b = 57 - 23. Let s = 48 - b. Suppose -u = 7 - 91. Calculate the greatest common factor of u and s.
14
Let q(m) = m**3 + 9*m**2 + m + 19. Let r be q(-9). Calculate the greatest common factor of 2 and r.
2
Let f(w) = w**2 + 3*w + 18. Let a be f(6). Calculate the highest common divisor of a and 8.
8
Suppose 5*p - p = 2*f + 60, 3*f = p - 25. Calculate the highest common factor of p and 117.
13
Suppose 4*w = 35 + 165. Suppose -4*c = -w - 26. Calculate the greatest common factor of c and 133.
19
Suppose 0 = 7*p - 5*p - 6. Calculate the greatest common divisor of 3 and p.
3
Let q = -271 - -281. Suppose 5*r = r + 40. What is the greatest common divisor of q and r?
10
Let b(q) = q**2 + q. Let h be b(7). Let n = 2 + -1. Let u be (7 - (n - 2)) + -1. Calculate the highest common factor of u and h.
7
Suppose 0 = -3*t + 9 + 21. Calculate the highest common factor of t and 4.
2
Suppose 6*l - 2*l - 12 = 0. Let f = l + -4. Let o(z) = -17*z + 1. Let h be o(f). Calculate the highest common divisor of 9 and h.
9
Let o be 23/(((-14)/(-8))/7). What is the greatest common divisor of 4 and o?
4
Suppose 6 = -3*i + 5*i. What is the highest common divisor of 21 and i?
3
Let m be 1 + 2/1 + 3. Let v be (-702)/m*(-1)/3. Calculate the greatest common divisor of v and 13.
13
Suppose 5*p = 5*t - 42 - 3, 3*p + 30 = 4*t. Suppose 0 = -4*y - o + 52, -2*y + 3*y - 4*o = 30. Let f = y + p. What is the highest common factor of 12 and f?
4
Suppose 0*y + 5*y - w + 15 = 0, 5*y - 15 = -5*w. Let x(q) = q**2 + q. Let o be x(y). Suppose -2*d = -26 - o. Calculate the greatest common divisor of 42 and d.
14
Let g = 1 - 72. Let p = 126 + g. Calculate the greatest common factor of p and 5.
5
Suppose 5*f - 2*k - 29 = -4*k, -k = -5*f + 23. Suppose 0 = -2*h + h + f. Suppose h*p + 6 = 21. Calculate the greatest common divisor of p and 15.
3
Suppose -s = -5*v + 270, -4*v + 104 + 126 = 2*s. Calculate the greatest common divisor of 11 and v.
11
Suppose -5*t + 6 = 1. Suppose m = -0*m + t. Let c be (m/3)/(3/81). What is the highest common factor of c and 63?
9
Let q(f) = -f**3 + 3*f**2 + 3*f - 7. Let i be q(3). Suppose -b + i*b = 40. Calculate the greatest common factor of 16 and b.
8
Suppose 0 = l + l - 4*n, -3*l + 2*n = -4. Calculate the greatest common divisor of l and 1.
1
Let y(c) = -1 - 25*c + 1 - 1. Let t be y(-1). Let q = -21 + 24. 